{"id":40158,"date":"2026-02-24T14:33:37","date_gmt":"2026-02-24T14:33:37","guid":{"rendered":"https:\/\/www.home-original.eu\/?post_type=product&#038;p=40158"},"modified":"2026-03-11T15:36:48","modified_gmt":"2026-03-11T15:36:48","slug":"tableau-cordoba","status":"publish","type":"product","link":"https:\/\/www.home-original.eu\/fr\/product\/tableau-cordoba\/","title":{"rendered":"Tableau Cordoba"},"content":{"rendered":"<p>Peint \u00e0 la main dans notre atelier par des artistes d&rsquo;origine locale. Tableau et peintures acryliques de haute qualit\u00e9. Le tableau est en bois de pin about\u00e9 (sans pliage) avec un profil de 35&#215;30. Le bois provient de for\u00eats durables. La toile est une toile en coton polyester avec un appr\u00eat artisanal classique pour les beaux-arts, \u00e0 base de colle et de r\u00e9sines acryliques. La tableau est mont\u00e9e sur le ch\u00e2ssis de mani\u00e8re totalement artisanale, ce qui permet d&rsquo;obtenir une finition sans \u00e9tirement.<\/p>\n","protected":false},"excerpt":{"rendered":"<p>Ce tableau abstrait peint \u00e0 la main \u00e9voque un paysage serein et ouvert, o\u00f9 les tons terreux, ocres et verts doux se fondent avec des nuances bleut\u00e9es \u00e0 l&rsquo;horizon. Les larges coups de pinceau textur\u00e9s sugg\u00e8rent des collines et des champs baign\u00e9s d&rsquo;une lumi\u00e8re tamis\u00e9e, cr\u00e9ant une atmosph\u00e8re qui transmet calme et espace. Avec un style entre le r\u00e9el et l&rsquo;imaginaire, l&rsquo;\u0153uvre invite \u00e0 contempler la beaut\u00e9 de la nature d&rsquo;un regard po\u00e9tique et \u00e9motionnel. Enjoliveur en bois non inclus<\/p>\n","protected":false},"featured_media":40179,"comment_status":"open","ping_status":"closed","template":"","meta":[],"product_brand":[],"product_cat":[622,620,831,676,842,840,624,681,275],"product_tag":[],"class_list":{"0":"post-40158","1":"product","2":"type-product","3":"status-publish","4":"has-post-thumbnail","6":"product_cat-tableaux-nouvelles","7":"product_cat-nouvelles","8":"product_cat-tableaux-beige-et-sable","9":"product_cat-tableaux-beiges","10":"product_cat-tableaux-colorees","11":"product_cat-tableaux-du-salon-fr","12":"product_cat-tableaux-du-salon","13":"product_cat-tableaux-vertes","14":"product_cat-couleurs","15":"pa_height-x-width-x-thickness-90-x-90","16":"pa_height-x-width-x-thickness-110-x-110","17":"pa_height-x-width-x-thickness-120-x-80","18":"pa_height-x-width-x-thickness-150-x-80","19":"pa_height-x-width-x-thickness-130-x-100","21":"first","22":"instock","23":"taxable","24":"shipping-taxable","25":"purchasable","26":"product-type-variable"},"acf":[],"_links":{"self":[{"href":"https:\/\/www.home-original.eu\/fr\/wp-json\/wp\/v2\/product\/40158","targetHints":{"allow":["GET"]}}],"collection":[{"href":"https:\/\/www.home-original.eu\/fr\/wp-json\/wp\/v2\/product"}],"about":[{"href":"https:\/\/www.home-original.eu\/fr\/wp-json\/wp\/v2\/types\/product"}],"replies":[{"embeddable":true,"href":"https:\/\/www.home-original.eu\/fr\/wp-json\/wp\/v2\/comments?post=40158"}],"wp:featuredmedia":[{"embeddable":true,"href":"https:\/\/www.home-original.eu\/fr\/wp-json\/wp\/v2\/media\/40179"}],"wp:attachment":[{"href":"https:\/\/www.home-original.eu\/fr\/wp-json\/wp\/v2\/media?parent=40158"}],"wp:term":[{"taxonomy":"product_brand","embeddable":true,"href":"https:\/\/www.home-original.eu\/fr\/wp-json\/wp\/v2\/product_brand?post=40158"},{"taxonomy":"product_cat","embeddable":true,"href":"https:\/\/www.home-original.eu\/fr\/wp-json\/wp\/v2\/product_cat?post=40158"},{"taxonomy":"product_tag","embeddable":true,"href":"https:\/\/www.home-original.eu\/fr\/wp-json\/wp\/v2\/product_tag?post=40158"}],"curies":[{"name":"wp","href":"https:\/\/api.w.org\/{rel}","templated":true}]}}

<p>Peint à la main dans notre atelier par des artistes d&rsquo;origine locale. Tableau et peintures acryliques de haute qualité. Le tableau est en bois de pin abouté (sans pliage) avec un profil de 35&#215;30. Le bois provient de forêts durables. La toile est une toile en coton polyester avec un apprêt artisanal classique pour les beaux-arts, à base de colle et de résines acryliques. La tableau est montée sur le châssis de manière totalement artisanale, ce qui permet d&rsquo;obtenir une finition sans étirement.</p>

<p>Ce tableau abstrait peint à la main évoque un paysage serein et ouvert, où les tons terreux, ocres et verts doux se fondent avec des nuances bleutées à l&rsquo;horizon. Les larges coups de pinceau texturés suggèrent des collines et des champs baignés d&rsquo;une lumière tamisée, créant une atmosphère qui transmet calme et espace. Avec un style entre le réel et l&rsquo;imaginaire, l&rsquo;œuvre invite à contempler la beauté de la nature d&rsquo;un regard poétique et émotionnel. Enjoliveur en bois non inclus</p>
